5*d + 5*j + 23 = -3*d. Suppose d*r = 2 + 2. What is the units digit of r?
1
Let l = 160 + -66. What is the units digit of l?
4
Suppose 5*w - 3*i - 832 = 0, -w + 2*i - 837 = -6*w. What is the hundreds digit of w?
1
Let j(g) = -13*g - 3. What is the units digit of j(-4)?
9
Suppose 18 = -5*h + 3*h. What is the units digit of 199/7 - h/(-21)?
8
Suppose -2 + 10 = 2*s. Let v be s/(-3)*(-102)/(-4). Let u = -17 - v. What is the units digit of u?
7
Let i(u) = u**2 - 5*u - 6. Let y be i(8). Let k be 8/(-36) - (-112)/y. Suppose -l - k = -2*l. What is the units digit of l?
6
Let n(k) = k**2 - k - 2. Let l be n(-2). Suppose 5*r = -4*u + 41, 6*u - u = l*r. Suppose -4*v - v + r = 0. What is the units digit of v?
1
Suppose -8*m + 9*m = -4*x + 298, -4*m = 3*x - 1192. What is the tens digit of m?
9
Suppose -50 = -2*a - 16. What is the units digit of a?
7
Suppose -4*k + 15 = -3*o - 8, 25 = 4*k - 5*o. Suppose -225 = -10*h + k*h. What is the tens digit of h?
4
Suppose 20 = 4*d, w + 0*w - 5*d = -19. Let c = -8 + w. Let j = 4 + c. What is the units digit of j?
2
Suppose t - 79 = 2*z, -t + 6*t + 3*z = 343. What is the tens digit of t?
7
Let b(a) be the third derivative of a**5/60 - 4*a**2. Let v be b(1). What is the units digit of (v/(-4))/(7/(-28))?
1
Let u(k) be the second derivative of 0 - 1/12*k**4 + 2*k - 1/2*k**2 + 3/5*k**5 + 1/3*k**3. What is the tens digit of u(1)?
1
Let s(t) = -t**2 + t + 7. Let p be s(4). Suppose 0 = -0*o - o - 15. Let g = p - o. What is the units digit of g?
0
Let f(x) = -2*x - 2. Let k be f(-2). Suppose -k*n + 3*v = 34, -n = -0*v + v + 7. Let y = -6 - n. What is the units digit of y?
5
What is the tens digit of ((-348)/15)/(-2)*(-5)/(-1)?
5
Suppose 93 = d + 2*d. What is the units digit of d?
1
Let h be 4 + -5 + -2*1. Let j be (0 + -2)/((-6)/h). Let y = j - -5. What is the units digit of y?
4
Suppose -5 = -0*x - x. Let f = x + -10. Let v = f + 9. What is the units digit of v?
4
Let d(v) = -v + 42. What is the tens digit of d(0)?
4
Suppose -20 = -2*a + 3*g, -4*a - 4*g = -2*g - 8. Suppose a*q = s + 143, 2*q = -0*q + 4*s + 68. What is the units digit of q?
6
Suppose 5*v = 5*c - 4*c + 220, 0 = v + 3*c - 60. Let n = -30 + v. What is the tens digit of n?
1
Let o be ((-1)/2)/(2/(-12)). Let j(g) = -g**3 - 7*g**2 + 19*g + 18. Let x be j(-9). Let d = x + o. What is the tens digit of d?
1
Let f(d) = -d**2 - 2*d + 2. Suppose -3*x - 10 = 2*x. Let t be f(x). Suppose 1 + 15 = t*u. What is the units digit of u?
8
Let s(n) = -n + 8. Let v be s(6). Suppose 0*d - 4*d = 12, -v*h + 4*d + 16 = 0. What is the units digit of h?
2
Let f = 252 + -169. What is the tens digit of f?
8
Let x = -7 - -4. Let r(a) = -a**3 - 4*a**2 - 4*a - 1. What is the units digit of r(x)?
2
Let f = 6 - 6. Let m(x) = x**3 - 3*x**2 + 3*x - 1. Let n be m(2). Suppose -c = -f*c - n. What is the units digit of c?
1
Let u(j) be the first derivative of -3*j**2/2 - 6*j + 1. Let h be u(-4). Let a(g) = g**3 - 6*g**2 + 5*g - 9. What is the tens digit of a(h)?
2
Suppose -8*y + 28 = 12. Let q be (1 - 0/(-1))*2. Suppose y*u = b + b - 24, -u = -q*b + 28. What is the units digit of b?
6
Let c(d) = -d**3 - 4*d**2 - 2*d - 1. Let z be c(-4). Let j(i) = -i**3 + 6*i**2 + 10*i - 8. Let u be j(z). Let w = u + -5. What is the units digit of w?
8
Let t = 23 + -12. Let o = 1 + t. What is the units digit of o?
2
Let o = 19 + -7. Let p = -23 + 17. Let n = p + o. What is the units digit of n?
6
What is the tens digit of 65*(-4 - 24/(-5))?
5
Let x = 1 + 1. Suppose -v = x*v - 39. What is the units digit of v?
3
Suppose 3*p = 67 + 2. Let b = p + -13. What is the units digit of b/25 + 13/5?
3
Let v = 22 + -16. Suppose v*t - 2*t = 88. What is the units digit of t?
2
Let c = 11 + -19. Let x be (18/8)/((-2)/c). What is the units digit of 21/(-1)*(-3)/x?
7
Let v(d) be the second derivative of d**5/20 - d**4/4 - 2*d**3/3 + 3*d**2/2 + d. Let u be v(4). What is the units digit of 2*1/(6/u)?
1
Suppose 0 = -3*c - 3, -3*m - 18 = m - 2*c. What is the units digit of (-27)/m - (-14)/(-35)?
5
Let r(o) = -2*o**2 - 5*o + 8. Let d be r(-4). Let u(f) = 4*f**2 - 3*f + 2. Let v be u(2). What is the units digit of (6/v)/((-1)/d)?
2
What is the hundreds digit of (-20)/50 + (1 - 1002/(-5))?
2
Suppose 6*y = -0*y + 186. What is the units digit of y?
1
Let s be (0 + 2)*2/(-2). Let d = s + 4. What is the units digit of d?
2
Suppose -3*d - d - 4*n + 620 = 0, 2*d - n - 304 = 0. What is the units digit of d?
3
Let a(h) = -9*h - 10. What is the tens digit of a(-5)?
3
Let x be 1/(-1 - 111/(-108)). Suppose 4*l - 16 = x. What is the units digit of l?
3
Suppose j - 18 + 2 = 0. Let f = 25 + j. What is the tens digit of f?
4
Suppose -h + 0*h + 3 = 0. Suppose h = -3*w - 0. What is the units digit of 2*w*-2*1?
4
Suppose 5*q - 2*d = 158, 4*q + d - 126 = 3*d. What is the units digit of q?
2
Suppose -l + 6*a + 52 = a, 2*l + 5*a - 119 = 0. Let c = 85 - l. What is the tens digit of c?
2
Let o(a) = -a**2 + 10*a + 1. Let z = 14 - 7. What is the units digit of o(z)?
2
Let n(o) = -1. Let a(k) = k + 5. Let p(l) = a(l) + 3*n(l). Let y be p(0). What is the units digit of ((-1)/(-1) - y) + 4?
3
Suppose 5*w = w + 12. Suppose 3*j = -w*x + 60, -4*x + 5*j = -32 - 21. What is the tens digit of x?
1
Let h(p) = -5*p. Suppose 3 = -5*f - 2. Let x be h(f). Suppose -2 = -x*m + 33. What is the units digit of m?
7
Let l(a) = a**3 + 16*a**2 - 2*a - 18. What is the tens digit of l(-16)?
1
Let f(q) = -q - 2*q**3 - q**2 + 5*q**3 + 0*q**2. What is the tens digit of f(2)?
1
Let u = 2 + -2. Let d(r) = 3*r**2 + 4*r**3 - 3*r**3 - 7*r**2 + 1 + 3*r**2 + r. What is the units digit of d(u)?
1
Let g(r) = r**2 + r + 4. What is the tens digit of g(-6)?
3
Let q(c) be the second derivative of c**8/6720 + c**7/630 + c**5/40 - c**4/6 - 2*c. Let k(j) be the third derivative of q(j). What is the units digit of k(-4)?
3
Let n(l) = -2*l + 15*l**2 + 2*l + 20*l**2. What is the units digit of n(-1)?
5
Let t = 21 + -19. Let z(g) = 3*g**3 - 3*g**2 + 3*g - 3. What is the units digit of z(t)?
5
Suppose -57 = -5*p - f + 2*f, 0 = -3*p + 4*f + 41. Suppose -3 = -b + 6. Suppose -p = -5*i + b. What is the units digit of i?
4
Suppose -5*d = 2*p + 50, 0 = -d + 4*p + 8 + 4. What is the units digit of (-6)/(-8) + (-2)/d?
1
Suppose 3*f + 18 = 3*m - 0*m, -2*m = 5*f + 16. Suppose 4*l - 2*q + 6 = -5*q, 0 = 4*l + m*q + 4. Suppose l = 3*g - 9. What is the units digit of g?
3
Let j(y) = y**3 - 5*y**2 - 4*y - 7. Let p be j(6). Suppose 0 = -0*c - 4*c - 2*x + 14, -p*x - 25 = -2*c. What is the units digit of c?
5
Suppose 3*h - 5*m - 13 = -2, 4*h + 3*m - 34 = 0. What is the units digit of h?
7
Let u be 10/3*(-9)/(-6). Suppose -18 - 27 = -u*o. What is the units digit of (-4)/3*o/(-6)?
2
Let h be (-3 + 1)*(-93)/6. Suppose 0 = -r + 6 - 1. Suppose -h + 6 = -r*n. What is the units digit of n?
5
Let z = 2 + -2. Let i be -1 + (z/1 - 2). Let m = i + 7. What is the units digit of m?
4
Let o(i) = -3*i + 3. Let a = -11 + 7. What is the units digit of o(a)?
5
Let f = 35 - 34. Let u be ((-1)/(-2))/(3/54). What is the units digit of u + 3/(f - -2)?
0
Suppose 6 = -2*s + 50. What is the tens digit of s?
2
Let n = 20 + -5. What is the tens digit of n?
1
Let u(s) = 7*s**2 - s + 0*s - 2*s**2 - 2. Let j be -1*(-1 - -1)/(-1) + 2. What is the units digit of u(j)?
6
Suppose b + 12 = -5. Let u be 0 + 1 + -1 + -9. Let p = u - b. What is the units digit of p?
8
Suppose 0 = f - 0*y + 5*y - 11, y + 17 = 3*f. Suppose f*k - 10 = 4*k. Suppose -k*i + 70 = -0*i. What is the units digit of i?
4
Suppose -5*m = 3*y - 49 - 61, 5*m = 3*y + 140. Suppose 0 = -3*s - 2*s + m. What is the units digit of s?
5
Suppose 0 = d - 11 - 0. What is the units digit of d?
1
Let b(h) = 7*h**2 - h - 1. Suppose 3 = -2*z - z. What is the units digit of b(z)?
7
What is the units digit of (-135)/6*4/(-3)?
0
Suppose 0 = y - 2*q - 54, 2*y - y + 3*q = 49. What is the tens digit of y?
5
Let q(m) = -m - 1. Suppose -3 = 2*p - w, -3*w + 3 - 18 = 0. Let l be q(p). Suppose -g = h, 2*h - l = -13. What is the units digit of g?
5
Let s be 6*(-1 + (-3)/(-6)). Let t = s - -6. What is the units digit of t?
3
Suppose 160 = 5*o - o. Let i = -12 + o. What is the units digit of i?
8
Let r = -5 + 2. Let g = 5 + r. Suppose -4 + g = -2*u. What is the units digit of u?
1
Suppose -2*d - 12 = d. Let y be (-30)/(-7